{"id":1812,"date":"2021-03-06T15:05:37","date_gmt":"2021-03-06T14:05:37","guid":{"rendered":"https:\/\/vivapalazzo.hu\/referencia\/energy-modernisation-of-sote-balassa-dormitory\/"},"modified":"2024-02-13T15:33:47","modified_gmt":"2024-02-13T14:33:47","slug":"energy-modernisation-of-sote-balassa-dormitory","status":"publish","type":"portfolio","link":"https:\/\/vivapalazzo.hu\/en\/reference\/energy-modernisation-of-sote-balassa-dormitory\/","title":{"rendered":"Energy modernisation of SOTE Balassa Dormitory"},"content":{"rendered":"<div class=\"wpb-content-wrapper\"><p>[vc_row row_height_percent=&#8221;0&#8243; override_padding=&#8221;yes&#8221; h_padding=&#8221;2&#8243; top_padding=&#8221;4&#8243; bottom_padding=&#8221;3&#8243; overlay_alpha=&#8221;50&#8243; equal_height=&#8221;yes&#8221; gutter_size=&#8221;2&#8243; column_width_percent=&#8221;100&#8243; shift_y=&#8221;0&#8243; z_index=&#8221;0&#8243; uncode_shortcode_id=&#8221;111769&#8243; el_class=&#8221;neon-border-top section&#8211;referencia-content right-left-element&#8221;][vc_column column_width_percent=&#8221;100&#8243; gutter_size=&#8221;3&#8243; overlay_alpha=&#8221;50&#8243; shift_x=&#8221;0&#8243; shift_y=&#8221;0&#8243; shift_y_down=&#8221;0&#8243; z_index=&#8221;2&#8243; medium_width=&#8221;0&#8243; mobile_width=&#8221;0&#8243; width=&#8221;1\/4&#8243; uncode_shortcode_id=&#8221;379075&#8243;][vc_custom_heading heading_semantic=&#8221;p&#8221; text_size=&#8221;fontsize-12&#8243; text_weight=&#8221;400&#8243; text_transform=&#8221;uppercase&#8221; sub_lead=&#8221;yes&#8221; sub_reduced=&#8221;yes&#8221; uncode_shortcode_id=&#8221;134757&#8243; el_class=&#8221;heading&#8211;small&#8221; subheading=&#8221;VivaPalazzo Zrt.&#8221;]Chief engineer for construction:[\/vc_custom_heading][vc_custom_heading heading_semantic=&#8221;p&#8221; text_size=&#8221;fontsize-12&#8243; text_weight=&#8221;400&#8243; text_transform=&#8221;uppercase&#8221; sub_lead=&#8221;yes&#8221; sub_reduced=&#8221;yes&#8221; uncode_shortcode_id=&#8221;525833&#8243; el_class=&#8221;heading&#8211;small&#8221; subheading=&#8221;G\u00e1bor Kis-Simon Deputy CEO&#8221;]General contractor:[\/vc_custom_heading][\/vc_column][vc_column column_width_percent=&#8221;100&#8243; gutter_size=&#8221;3&#8243; overlay_alpha=&#8221;50&#8243; shift_x=&#8221;0&#8243; shift_y=&#8221;0&#8243; shift_y_down=&#8221;0&#8243; z_index=&#8221;2&#8243; medium_width=&#8221;0&#8243; mobile_width=&#8221;0&#8243; width=&#8221;3\/4&#8243; uncode_shortcode_id=&#8221;318580&#8243;][vc_column_text uncode_shortcode_id=&#8221;755572&#8243;]<strong>Energy modernisation of SOTE Balassa Dormitory<\/strong><\/p>\n<p>The aim of the planned renovation is to improve the energy efficiency of the 1979 dormitory building. A fel\u00faj\u00edt\u00e1s mag\u00e1ban foglalta a sz\u00e1ll\u00e1s\u00e9p\u00fclet, a nyitott emelet \u00e9s a f\u0151\u00e9p\u00fclet homlokzat\u00e1nak dryvit h\u0151szigetel\u0151 vakolattal t\u00f6rt\u00e9n\u0151 szerkezeti szigetel\u00e9s\u00e9t, az \u00e1rk\u00e1dos f\u00f6d\u00e9mek \u00e9s a lapos tet\u0151szerkezet ut\u00f3lagos v\u00edz- \u00e9s h\u0151szigetel\u00e9s\u00e9t, a megl\u00e9v\u0151 ablakok \u00e9s f\u00fcgg\u00f6nyfalak cser\u00e9j\u00e9t. The present work was also very interesting from an organisational point of view, as the college was continuously in operation during the renovation. We had to schedule the necessary demolition and window installation works. Finally, on the ground floor fa\u00e7ade of the main building on T\u00f6m\u0151 Street, to the left of the main entrance, parallel to the street, a large &#8220;J\u00e1nos Balassa College&#8221; sign was added in plastic, weathered, ongrofoam letters.<\/p>\n<p>Main technical data (description of work parts, quantities, values):<\/p>\n<ul>\n<li>Facade scaffolding: 5150 m2<\/li>\n<li>Installation of aluminium windows: 700 m2<\/li>\n<li>Aluminium curtain wall design: 270 m2<\/li>\n<li>Installation of plastic windows: 1500 m2<\/li>\n<li>Fa\u00e7ade rock wool insulation: 4441 m2<\/li>\n<li>Facade silicate thin veneer: 4883,2 m2<\/li>\n<li>Thermal and sound insulation of flat roof: 1471 m2<\/li>\n<li>PVC roof insulation: 1471 m2<\/li>\n<li>PVC tet\u0151szigetel\u00e9s: 1471 m2<\/li>\n<\/ul>\n<p>[\/vc_column_text][\/vc_column][\/vc_row][vc_row row_height_percent=&#8221;0&#8243; override_padding=&#8221;yes&#8221; h_padding=&#8221;2&#8243; top_padding=&#8221;2&#8243; bottom_padding=&#8221;4&#8243; overlay_alpha=&#8221;50&#8243; gutter_size=&#8221;3&#8243; column_width_percent=&#8221;100&#8243; shift_y=&#8221;0&#8243; z_index=&#8221;0&#8243; uncode_shortcode_id=&#8221;117188&#8243; el_class=&#8221;section&#8211;referencia-gallery&#8221;][vc_column width=&#8221;1\/1&#8243;][vc_gallery el_id=&#8221;gallery-ref-images&#8221; type=&#8221;carousel&#8221; medias=&#8221;1208,1209,1210,1211,1212,1213,1214,1215,1216,1217&#8243; carousel_lg=&#8221;1&#8243; carousel_md=&#8221;1&#8243; carousel_sm=&#8221;1&#8243; thumb_size=&#8221;four-three&#8221; gutter_size=&#8221;3&#8243; media_items=&#8221;media|lightbox|original,icon|lg&#8221; carousel_v_align=&#8221;middle&#8221; carousel_interval=&#8221;3000&#8243; carousel_navspeed=&#8221;400&#8243; carousel_loop=&#8221;yes&#8221; carousel_overflow=&#8221;yes&#8221; carousel_dots=&#8221;yes&#8221; carousel_half_opacity=&#8221;yes&#8221; carousel_scaled=&#8221;yes&#8221; stage_padding=&#8221;25&#8243; single_shape=&#8221;round&#8221; radius=&#8221;std&#8221; single_overlay_color=&#8221;accent&#8221; single_overlay_coloration=&#8221;bottom_gradient&#8221; single_overlay_opacity=&#8221;100&#8243; single_image_magnetic=&#8221;yes&#8221; single_h_align=&#8221;center&#8221; single_v_position=&#8221;bottom&#8221; single_padding=&#8221;2&#8243; single_icon=&#8221;fa fa-zoom-in&#8221; single_border=&#8221;yes&#8221; single_css_animation=&#8221;left-t-right&#8221; single_animation_first=&#8221;yes&#8221; uncode_shortcode_id=&#8221;944990&#8243;][\/vc_column][\/vc_row]<\/p>\n<\/div>","protected":false},"excerpt":{"rendered":"<p>[vc_row row_height_percent=&#8221;0&#8243; override_padding=&#8221;yes&#8221; h_padding=&#8221;2&#8243; top_padding=&#8221;4&#8243; bottom_padding=&#8221;3&#8243; overlay_alpha=&#8221;50&#8243; equal_height=&#8221;yes&#8221; gutter_size=&#8221;2&#8243; column_width_percent=&#8221;100&#8243; shift_y=&#8221;0&#8243; z_index=&#8221;0&#8243; uncode_shortcode_id=&#8221;111769&#8243; el_class=&#8221;neon-border-top section&#8211;referencia-content right-left-element&#8221;][vc_column column_width_percent=&#8221;100&#8243; gutter_size=&#8221;3&#8243; overlay_alpha=&#8221;50&#8243; shift_x=&#8221;0&#8243; [&hellip;]<\/p>\n","protected":false},"author":3,"featured_media":1622,"parent":0,"menu_order":0,"comment_status":"open","ping_status":"open","template":"","meta":{"_acf_changed":false,"_seopress_robots_primary_cat":"","_seopress_titles_title":"","_seopress_titles_desc":"","_seopress_robots_index":"","footnotes":""},"helyszin":[42],"portfolio_category":[36],"class_list":["post-1812","portfolio","type-portfolio","status-publish","has-post-thumbnail","hentry","helyszin-budapest-en","portfolio_category-public-institutions"],"acf":[],"_links":{"self":[{"href":"https:\/\/vivapalazzo.hu\/en\/wp-json\/wp\/v2\/portfolio\/1812","targetHints":{"allow":["GET"]}}],"collection":[{"href":"https:\/\/vivapalazzo.hu\/en\/wp-json\/wp\/v2\/portfolio"}],"about":[{"href":"https:\/\/vivapalazzo.hu\/en\/wp-json\/wp\/v2\/types\/portfolio"}],"author":[{"embeddable":true,"href":"https:\/\/vivapalazzo.hu\/en\/wp-json\/wp\/v2\/users\/3"}],"replies":[{"embeddable":true,"href":"https:\/\/vivapalazzo.hu\/en\/wp-json\/wp\/v2\/comments?post=1812"}],"version-history":[{"count":5,"href":"https:\/\/vivapalazzo.hu\/en\/wp-json\/wp\/v2\/portfolio\/1812\/revisions"}],"predecessor-version":[{"id":1917,"href":"https:\/\/vivapalazzo.hu\/en\/wp-json\/wp\/v2\/portfolio\/1812\/revisions\/1917"}],"wp:featuredmedia":[{"embeddable":true,"href":"https:\/\/vivapalazzo.hu\/en\/wp-json\/wp\/v2\/media\/1622"}],"wp:attachment":[{"href":"https:\/\/vivapalazzo.hu\/en\/wp-json\/wp\/v2\/media?parent=1812"}],"wp:term":[{"taxonomy":"helyszin","embeddable":true,"href":"https:\/\/vivapalazzo.hu\/en\/wp-json\/wp\/v2\/helyszin?post=1812"},{"taxonomy":"portfolio_category","embeddable":true,"href":"https:\/\/vivapalazzo.hu\/en\/wp-json\/wp\/v2\/portfolio_category?post=1812"}],"curies":[{"name":"wp","href":"https:\/\/api.w.org\/{rel}","templated":true}]}}

<div class="wpb-content-wrapper"><p>[vc_row row_height_percent=&#8221;0&#8243; override_padding=&#8221;yes&#8221; h_padding=&#8221;2&#8243; top_padding=&#8221;4&#8243; bottom_padding=&#8221;3&#8243; overlay_alpha=&#8221;50&#8243; equal_height=&#8221;yes&#8221; gutter_size=&#8221;2&#8243; column_width_percent=&#8221;100&#8243; shift_y=&#8221;0&#8243; z_index=&#8221;0&#8243; uncode_shortcode_id=&#8221;111769&#8243; el_class=&#8221;neon-border-top section&#8211;referencia-content right-left-element&#8221;][vc_column column_width_percent=&#8221;100&#8243; gutter_size=&#8221;3&#8243; overlay_alpha=&#8221;50&#8243; shift_x=&#8221;0&#8243; shift_y=&#8221;0&#8243; shift_y_down=&#8221;0&#8243; z_index=&#8221;2&#8243; medium_width=&#8221;0&#8243; mobile_width=&#8221;0&#8243; width=&#8221;1/4&#8243; uncode_shortcode_id=&#8221;379075&#8243;][vc_custom_heading heading_semantic=&#8221;p&#8221; text_size=&#8221;fontsize-12&#8243; text_weight=&#8221;400&#8243; text_transform=&#8221;uppercase&#8221; sub_lead=&#8221;yes&#8221; sub_reduced=&#8221;yes&#8221; uncode_shortcode_id=&#8221;134757&#8243; el_class=&#8221;heading&#8211;small&#8221; subheading=&#8221;VivaPalazzo Zrt.&#8221;]Chief engineer for construction:[/vc_custom_heading][vc_custom_heading heading_semantic=&#8221;p&#8221; text_size=&#8221;fontsize-12&#8243; text_weight=&#8221;400&#8243; text_transform=&#8221;uppercase&#8221; sub_lead=&#8221;yes&#8221; sub_reduced=&#8221;yes&#8221; uncode_shortcode_id=&#8221;525833&#8243; el_class=&#8221;heading&#8211;small&#8221; subheading=&#8221;Gábor Kis-Simon Deputy CEO&#8221;]General contractor:[/vc_custom_heading][/vc_column][vc_column column_width_percent=&#8221;100&#8243; gutter_size=&#8221;3&#8243; overlay_alpha=&#8221;50&#8243; shift_x=&#8221;0&#8243; shift_y=&#8221;0&#8243; shift_y_down=&#8221;0&#8243; z_index=&#8221;2&#8243; medium_width=&#8221;0&#8243; mobile_width=&#8221;0&#8243; width=&#8221;3/4&#8243; uncode_shortcode_id=&#8221;318580&#8243;][vc_column_text uncode_shortcode_id=&#8221;755572&#8243;]<strong>Energy modernisation of SOTE Balassa Dormitory</strong></p>
<p>The aim of the planned renovation is to improve the energy efficiency of the 1979 dormitory building. A felújítás magában foglalta a szállásépület, a nyitott emelet és a főépület homlokzatának dryvit hőszigetelő vakolattal történő szerkezeti szigetelését, az árkádos födémek és a lapos tetőszerkezet utólagos víz- és hőszigetelését, a meglévő ablakok és függönyfalak cseréjét. The present work was also very interesting from an organisational point of view, as the college was continuously in operation during the renovation. We had to schedule the necessary demolition and window installation works. Finally, on the ground floor façade of the main building on Tömő Street, to the left of the main entrance, parallel to the street, a large &#8220;János Balassa College&#8221; sign was added in plastic, weathered, ongrofoam letters.</p>
<p>Main technical data (description of work parts, quantities, values):</p>
<ul>
<li>Facade scaffolding: 5150 m2</li>
<li>Installation of aluminium windows: 700 m2</li>
<li>Aluminium curtain wall design: 270 m2</li>
<li>Installation of plastic windows: 1500 m2</li>
<li>Façade rock wool insulation: 4441 m2</li>
<li>Facade silicate thin veneer: 4883,2 m2</li>
<li>Thermal and sound insulation of flat roof: 1471 m2</li>
<li>PVC roof insulation: 1471 m2</li>
<li>PVC tetőszigetelés: 1471 m2</li>
</ul>
<p>[/vc_column_text][/vc_column][/vc_row][vc_row row_height_percent=&#8221;0&#8243; override_padding=&#8221;yes&#8221; h_padding=&#8221;2&#8243; top_padding=&#8221;2&#8243; bottom_padding=&#8221;4&#8243; overlay_alpha=&#8221;50&#8243; gutter_size=&#8221;3&#8243; column_width_percent=&#8221;100&#8243; shift_y=&#8221;0&#8243; z_index=&#8221;0&#8243; uncode_shortcode_id=&#8221;117188&#8243; el_class=&#8221;section&#8211;referencia-gallery&#8221;][vc_column width=&#8221;1/1&#8243;][vc_gallery el_id=&#8221;gallery-ref-images&#8221; type=&#8221;carousel&#8221; medias=&#8221;1208,1209,1210,1211,1212,1213,1214,1215,1216,1217&#8243; carousel_lg=&#8221;1&#8243; carousel_md=&#8221;1&#8243; carousel_sm=&#8221;1&#8243; thumb_size=&#8221;four-three&#8221; gutter_size=&#8221;3&#8243; media_items=&#8221;media|lightbox|original,icon|lg&#8221; carousel_v_align=&#8221;middle&#8221; carousel_interval=&#8221;3000&#8243; carousel_navspeed=&#8221;400&#8243; carousel_loop=&#8221;yes&#8221; carousel_overflow=&#8221;yes&#8221; carousel_dots=&#8221;yes&#8221; carousel_half_opacity=&#8221;yes&#8221; carousel_scaled=&#8221;yes&#8221; stage_padding=&#8221;25&#8243; single_shape=&#8221;round&#8221; radius=&#8221;std&#8221; single_overlay_color=&#8221;accent&#8221; single_overlay_coloration=&#8221;bottom_gradient&#8221; single_overlay_opacity=&#8221;100&#8243; single_image_magnetic=&#8221;yes&#8221; single_h_align=&#8221;center&#8221; single_v_position=&#8221;bottom&#8221; single_padding=&#8221;2&#8243; single_icon=&#8221;fa fa-zoom-in&#8221; single_border=&#8221;yes&#8221; single_css_animation=&#8221;left-t-right&#8221; single_animation_first=&#8221;yes&#8221; uncode_shortcode_id=&#8221;944990&#8243;][/vc_column][/vc_row]</p>
</div>
